{"id":47,"date":"2019-01-29T12:55:38","date_gmt":"2019-01-29T12:55:38","guid":{"rendered":"http:\/\/ktp-instal.ro\/?page_id=47"},"modified":"2019-02-06T08:04:19","modified_gmt":"2019-02-06T08:04:19","slug":"servicii","status":"publish","type":"page","link":"https:\/\/ktp-instal.ro\/index.php\/servicii\/","title":{"rendered":"SERVICII"},"content":{"rendered":"\n<p><strong>CONSULTAN\u021a\u0102<\/strong><\/p>\n\n\n\n<figure class=\"wp-block-image\"><img loading=\"lazy\" decoding=\"async\" width=\"749\" height=\"364\" src=\"http:\/\/ktp-instal.ro\/wp-content\/uploads\/2019\/01\/Consultare1-1.jpg\" alt=\"\" class=\"wp-image-56\" srcset=\"https:\/\/ktp-instal.ro\/wp-content\/uploads\/2019\/01\/Consultare1-1.jpg 749w, https:\/\/ktp-instal.ro\/wp-content\/uploads\/2019\/01\/Consultare1-1-300x146.jpg 300w\" sizes=\"(max-width: 749px) 100vw, 749px\" \/><\/figure>\n\n\n\n<p>Specialistii\nfirmei &nbsp;va pun la dispozitie serviciul de\nconsultanta al &nbsp;proiectului de\ninstalatii, astfel ca dvs sa nu aveti grija procurarii echipamentelor,\nmontajului si bunei functionarii a acestora.<\/p>\n\n\n\n<p><strong>NOI ne ocupam de TOT !<\/strong><\/p>\n\n\n\n<p><strong>INSTALARE<\/strong><\/p>\n\n\n\n<p><strong>Instaltii termice<\/strong><\/p>\n\n\n\n<figure class=\"wp-block-image\"><img loading=\"lazy\" decoding=\"async\" width=\"750\" height=\"541\" src=\"http:\/\/ktp-instal.ro\/wp-content\/uploads\/2019\/01\/InsTermice.jpg\" alt=\"\" class=\"wp-image-60\" srcset=\"https:\/\/ktp-instal.ro\/wp-content\/uploads\/2019\/01\/InsTermice.jpg 750w, https:\/\/ktp-instal.ro\/wp-content\/uploads\/2019\/01\/InsTermice-300x216.jpg 300w\" sizes=\"(max-width: 750px) 100vw, 750px\" \/><\/figure>\n\n\n\n<p>Furnizam&nbsp; cele mai noi si mai performante echipamente de incalzire, avand grija intotdeauna ca instalatia sa fie eficienta si costurile sa fie reduse, indiferent de tipul de combustibil folosit: lemn, gaze naturale, energie electrica.<\/p>\n\n\n\n<p><\/p>\n\n\n\n<p><strong>Instalatii HVAC<\/strong><\/p>\n\n\n\n<figure class=\"wp-block-image\"><img loading=\"lazy\" decoding=\"async\" width=\"749\" height=\"498\" src=\"http:\/\/ktp-instal.ro\/wp-content\/uploads\/2019\/01\/InsHvac.jpg\" alt=\"\" class=\"wp-image-58\" srcset=\"https:\/\/ktp-instal.ro\/wp-content\/uploads\/2019\/01\/InsHvac.jpg 749w, https:\/\/ktp-instal.ro\/wp-content\/uploads\/2019\/01\/InsHvac-300x199.jpg 300w\" sizes=\"(max-width: 749px) 100vw, 749px\" \/><\/figure>\n\n\n\n<p>Folosind cele mai noi tehnologii din domeniu ale unor lideri mondiali consacrati , va stam la dispozitie cu solutii complete de instalare si mentenanta a instalatiilor HVAC de toate tipurile.<\/p>\n\n\n\n<p><strong>SERVICE \u0218I MENTENAN\u021a\u0102<\/strong><\/p>\n\n\n\n<figure class=\"wp-block-image\"><img loading=\"lazy\" decoding=\"async\" width=\"750\" height=\"525\" src=\"http:\/\/ktp-instal.ro\/wp-content\/uploads\/2019\/01\/Mentenanta.jpg\" alt=\"\" class=\"wp-image-61\" srcset=\"https:\/\/ktp-instal.ro\/wp-content\/uploads\/2019\/01\/Mentenanta.jpg 750w, https:\/\/ktp-instal.ro\/wp-content\/uploads\/2019\/01\/Mentenanta-300x210.jpg 300w\" sizes=\"(max-width: 750px) 100vw, 750px\" \/><\/figure>\n\n\n\n<p><strong>Mentenan\u021ba instala\u021biilor <\/strong>\u00a0pentru prevenirea defec\u021biunilor reprezint\u0103 o activitate important\u0103 pentru performan\u021bele de ansamblu ale unei cl\u0103diri,\u00a0 inclusiv a confortului termic al ocupan\u021bilor sau asigurarea unor condi\u021bii optime de p\u0103strare a\u00a0 \u00a0produselor din spa\u021biile de \u00a0depozitare sau de produc\u021bie.<\/p>\n\n\n\n<p><strong>Service autorizat<\/strong> pentru pentru instala\u021bii de \u00eenc\u0103lzire, ventila\u021bie \u0219i climatizare, din domeniul comercial \u0219i industrial, repunerea \u00een func\u021biune a oricaror defec\u021biuni ce pot interveni \u00een func\u021bionarea corect\u0103 a instala\u021biilor, \u00een termenul \u0219i calitatea solicitat\u0103. <\/p>\n\n\n\n<p>Prin certificatul de garan\u021bie al produselor livrate\/montate, se asigur\u0103 service gratuit \u00een perioada de garan\u021bie, iar dup\u0103 aceast\u0103 perioad\u0103, servicii de \u00eentre\u021binere sau reparare postgaran\u021bie cu piese de schimb originale pe baza de contract timp de minimum 5 ani. Piesele de schimb sunt \u00eenso\u021bite de documente de atestare a calita\u021bii \u0219i certificate de garan\u021bie acordate de produc\u0103torii.<\/p>\n\n\n\n<p> Obiectivul nostru este men\u021binerea instala\u021biilor la nivelul optim de func\u021bionare, respectiv de func\u021bionare \u00een parametrii.  <\/p>\n\n\n\n<div class='white' style='background:#fafafa; border:solid 1px #f0f0f0; border-radius:5px; padding:8px 8px 8px 8px;'>\n<div id='sample_slider' class='owl-carousel sa_owl_theme owl-pagination-true autohide-arrows' data-slider-id='sample_slider' style='visibility:hidden;'>\n<div id='sample_slider_slide25' class='sa_hover_container' style='padding:5% 5%; margin:0px 0%; background-image:url(&quot;https:\/\/ktp-instal.ro\/wp-content\/uploads\/2019\/01\/Portofz.png&quot;); background-position:center center; background-size:contain; background-repeat:no-repeat; background-color:rgb(255, 255, 255); '><\/div>\n<div id='sample_slider_slide13' class='sa_hover_container' style='padding:5% 5%; margin:0px 0%; background-image:url(&quot;https:\/\/ktp-instal.ro\/wp-content\/uploads\/2019\/01\/Portofm.jpg&quot;); background-position:center center; background-size:contain; background-repeat:no-repeat; background-color:rgb(255, 255, 255); '><\/div>\n<div id='sample_slider_slide09' class='sa_hover_container' style='padding:5% 5%; margin:0px 0%; background-image:url(&quot;https:\/\/ktp-instal.ro\/wp-content\/uploads\/2019\/01\/Portofi.jpg&quot;); background-position:center center; background-size:contain; background-repeat:no-repeat; background-color:rgb(255, 255, 255); '><\/div>\n<div id='sample_slider_slide26' class='sa_hover_container' style='padding:5% 5%; margin:0px 0%; background-image:url(&quot;https:\/\/ktp-instal.ro\/wp-content\/uploads\/2019\/01\/Portofza.png.jpg&quot;); background-position:center center; background-size:contain; background-repeat:no-repeat; background-color:rgb(255, 255, 255); '><\/div>\n<div id='sample_slider_slide06' class='sa_hover_container' style='padding:5% 5%; margin:0px 0%; background-image:url(&quot;https:\/\/ktp-instal.ro\/wp-content\/uploads\/2019\/01\/Portoff.png&quot;); background-position:center center; background-size:contain; background-repeat:no-repeat; background-color:rgb(255, 255, 255); '><\/div>\n<div id='sample_slider_slide23' class='sa_hover_container' style='padding:5% 5%; margin:0px 0%; background-image:url(&quot;https:\/\/ktp-instal.ro\/wp-content\/uploads\/2019\/01\/Portofx.png&quot;); background-position:center center; background-size:contain; background-repeat:no-repeat; background-color:rgb(255, 255, 255); '><\/div>\n<div id='sample_slider_slide07' class='sa_hover_container' style='padding:5% 5%; margin:0px 0%; background-image:url(&quot;https:\/\/ktp-instal.ro\/wp-content\/uploads\/2019\/01\/Portofg.png&quot;); background-position:center center; background-size:contain; background-repeat:no-repeat; background-color:rgb(255, 255, 255); '><\/div>\n<div id='sample_slider_slide05' class='sa_hover_container' style='padding:5% 5%; margin:0px 0%; background-image:url(&quot;https:\/\/ktp-instal.ro\/wp-content\/uploads\/2019\/01\/Portofe.png&quot;); background-position:center center; background-size:contain; background-repeat:no-repeat; background-color:rgb(255, 255, 255); '><\/div>\n<div id='sample_slider_slide19' class='sa_hover_container' style='padding:5% 5%; margin:0px 0%; background-image:url(&quot;https:\/\/ktp-instal.ro\/wp-content\/uploads\/2019\/01\/Portofs.jpg&quot;); background-position:center center; background-size:contain; background-repeat:no-repeat; background-color:rgb(255, 255, 255); '><\/div>\n<div id='sample_slider_slide04' class='sa_hover_container' style='padding:5% 5%; margin:0px 0%; background-image:url(&quot;https:\/\/ktp-instal.ro\/wp-content\/uploads\/2019\/01\/Portofd.jpg&quot;); background-position:center center; background-size:contain; background-repeat:no-repeat; background-color:rgb(255, 255, 255); '><\/div>\n<div id='sample_slider_slide28' class='sa_hover_container' style='padding:5% 5%; margin:0px 0%; background-image:url(&quot;https:\/\/ktp-instal.ro\/wp-content\/uploads\/2019\/01\/Portofzc.jpg&quot;); background-position:center center; background-size:contain; background-repeat:no-repeat; background-color:rgb(255, 255, 255); '><\/div>\n<div id='sample_slider_slide16' class='sa_hover_container' style='padding:5% 5%; margin:0px 0%; background-image:url(&quot;https:\/\/ktp-instal.ro\/wp-content\/uploads\/2019\/01\/Portofp.jpg&quot;); background-position:center center; background-size:contain; background-repeat:no-repeat; background-color:rgb(255, 255, 255); '><\/div>\n<div id='sample_slider_slide15' class='sa_hover_container' style='padding:5% 5%; margin:0px 0%; background-image:url(&quot;https:\/\/ktp-instal.ro\/wp-content\/uploads\/2019\/01\/Portofn.jpg&quot;); background-position:center center; background-size:contain; background-repeat:no-repeat; background-color:rgb(255, 255, 255); '><\/div>\n<div id='sample_slider_slide22' class='sa_hover_container' style='padding:5% 5%; margin:0px 0%; background-image:url(&quot;https:\/\/ktp-instal.ro\/wp-content\/uploads\/2019\/01\/Portofv.png&quot;); background-position:center center; background-size:contain; background-repeat:no-repeat; background-color:rgb(255, 255, 255); '><\/div>\n<div id='sample_slider_slide08' class='sa_hover_container' style='padding:5% 5%; margin:0px 0%; background-image:url(&quot;https:\/\/ktp-instal.ro\/wp-content\/uploads\/2019\/01\/Portofh.jpg&quot;); background-position:center center; background-size:contain; background-repeat:no-repeat; background-color:rgb(255, 255, 255); '><\/div>\n<div id='sample_slider_slide27' class='sa_hover_container' style='padding:5% 5%; margin:0px 0%; background-image:url(&quot;https:\/\/ktp-instal.ro\/wp-content\/uploads\/2019\/01\/Portofzb.jpg&quot;); background-position:center center; background-size:contain; background-repeat:no-repeat; background-color:rgb(255, 255, 255); '><\/div>\n<div id='sample_slider_slide03' class='sa_hover_container' style='padding:5% 5%; margin:0px 0%; background-image:url(&quot;https:\/\/ktp-instal.ro\/wp-content\/uploads\/2019\/01\/Portofc.jpg&quot;); background-position:center center; background-size:contain; background-repeat:no-repeat; background-color:rgb(255, 255, 255); '><\/div>\n<div id='sample_slider_slide11' class='sa_hover_container' style='padding:5% 5%; margin:0px 0%; background-image:url(&quot;https:\/\/ktp-instal.ro\/wp-content\/uploads\/2019\/01\/Portofk.jpg&quot;); background-position:center center; background-size:contain; background-repeat:no-repeat; background-color:rgb(255, 255, 255); '><\/div>\n<div id='sample_slider_slide01' class='sa_hover_container' style='padding:5% 5%; margin:0px 0%; background-image:url(&quot;https:\/\/ktp-instal.ro\/wp-content\/uploads\/2019\/01\/Portofa.jpg&quot;); background-position:center center; background-size:contain; background-repeat:no-repeat; background-color:rgb(255, 255, 255); '><\/div>\n<div id='sample_slider_slide10' class='sa_hover_container' style='padding:5% 5%; margin:0px 0%; background-image:url(&quot;https:\/\/ktp-instal.ro\/wp-content\/uploads\/2019\/01\/Portofj.png&quot;); background-position:center center; background-size:contain; background-repeat:no-repeat; background-color:rgb(255, 255, 255); '><\/div>\n<div id='sample_slider_slide24' class='sa_hover_container' style='padding:5% 5%; margin:0px 0%; background-image:url(&quot;https:\/\/ktp-instal.ro\/wp-content\/uploads\/2019\/01\/Portofy.png&quot;); background-position:center center; background-size:contain; background-repeat:no-repeat; background-color:rgb(255, 255, 255); '><\/div>\n<div id='sample_slider_slide12' class='sa_hover_container' style='padding:5% 5%; margin:0px 0%; background-image:url(&quot;https:\/\/ktp-instal.ro\/wp-content\/uploads\/2019\/01\/Portofl.jpg&quot;); background-position:center center; background-size:contain; background-repeat:no-repeat; background-color:rgb(255, 255, 255); '><\/div>\n<div id='sample_slider_slide21' class='sa_hover_container' style='padding:5% 5%; margin:0px 0%; background-image:url(&quot;https:\/\/ktp-instal.ro\/wp-content\/uploads\/2019\/01\/Portofu.png&quot;); background-position:center center; background-size:contain; background-repeat:no-repeat; background-color:rgb(255, 255, 255); '><\/div>\n<div id='sample_slider_slide14' class='sa_hover_container' style='padding:5% 5%; margin:0px 0%; background-image:url(&quot;https:\/\/ktp-instal.ro\/wp-content\/uploads\/2019\/01\/Portofo.png&quot;); background-position:center center; background-size:contain; background-repeat:no-repeat; background-color:rgb(255, 255, 255); '><\/div>\n<div id='sample_slider_slide20' class='sa_hover_container' style='padding:5% 5%; margin:0px 0%; background-image:url(&quot;https:\/\/ktp-instal.ro\/wp-content\/uploads\/2019\/01\/Portoft.jpg&quot;); background-position:center center; background-size:contain; background-repeat:no-repeat; background-color:rgb(255, 255, 255); '><\/div>\n<div id='sample_slider_slide17' class='sa_hover_container' style='padding:5% 5%; margin:0px 0%; background-image:url(&quot;https:\/\/ktp-instal.ro\/wp-content\/uploads\/2019\/01\/Portofq.png&quot;); background-position:center center; background-size:contain; background-repeat:no-repeat; background-color:rgb(255, 255, 255); '><\/div>\n<div id='sample_slider_slide02' class='sa_hover_container' style='padding:5% 5%; margin:0px 0%; background-image:url(&quot;https:\/\/ktp-instal.ro\/wp-content\/uploads\/2019\/01\/Portofb.png&quot;); background-position:center center; background-size:contain; background-repeat:no-repeat; background-color:rgb(255, 255, 255); '><\/div>\n<div id='sample_slider_slide18' class='sa_hover_container' style='padding:5% 5%; margin:0px 0%; background-image:url(&quot;https:\/\/ktp-instal.ro\/wp-content\/uploads\/2019\/01\/Portofr.png&quot;); background-position:center center; background-size:contain; background-repeat:no-repeat; background-color:rgb(255, 255, 255); '><\/div>\n<\/div>\n<\/div>\n<script type='text\/javascript'>\n\tjQuery(document).ready(function() {\n\t\tjQuery('#sample_slider').owlCarousel({\n\t\t\tresponsive:{\n\t\t\t\t0:{ items:1 },\n\t\t\t\t480:{ items:2 },\n\t\t\t\t768:{ items:3 },\n\t\t\t\t980:{ items:4 },\n\t\t\t\t1200:{ items:4 },\n\t\t\t\t1500:{ items:4 }\n\t\t\t},\n\t\t\tautoplay : true,\n\t\t\tautoplayTimeout : 4000,\n\t\t\tautoplayHoverPause : true,\n\t\t\tsmartSpeed : 300,\n\t\t\tfluidSpeed : 300,\n\t\t\tautoplaySpeed : 300,\n\t\t\tnavSpeed : 300,\n\t\t\tdotsSpeed : 300,\n\t\t\tloop : true,\n\t\t\tnav : true,\n\t\t\tnavText : ['Previous','Next'],\n\t\t\tdots : true,\n\t\t\tresponsiveRefreshRate : 200,\n\t\t\tslideBy : 1,\n\t\t\tmergeFit : true,\n\t\t\tautoHeight : false,\n\t\t\tmouseDrag : false,\n\t\t\ttouchDrag : true\n\t\t});\n\t\tjQuery('#sample_slider').css('visibility', 'visible');\n\t\tsa_resize_sample_slider();\n\t\twindow.addEventListener('resize', sa_resize_sample_slider);\n\t\tfunction sa_resize_sample_slider() {\n\t\t\tvar min_height = '50';\n\t\t\tvar win_width = jQuery(window).width();\n\t\t\tvar slider_width = jQuery('#sample_slider').width();\n\t\t\tif (win_width < 480) {\n\t\t\t\tvar slide_width = slider_width \/ 1;\n\t\t\t} else if (win_width < 768) {\n\t\t\t\tvar slide_width = slider_width \/ 2;\n\t\t\t} else if (win_width < 980) {\n\t\t\t\tvar slide_width = slider_width \/ 3;\n\t\t\t} else if (win_width < 1200) {\n\t\t\t\tvar slide_width = slider_width \/ 4;\n\t\t\t} else if (win_width < 1500) {\n\t\t\t\tvar slide_width = slider_width \/ 4;\n\t\t\t} else {\n\t\t\t\tvar slide_width = slider_width \/ 4;\n\t\t\t}\n\t\t\tslide_width = Math.round(slide_width);\n\t\t\tvar slide_height = '0';\n\t\t\tif (min_height == 'aspect43') {\n\t\t\t\tslide_height = (slide_width \/ 4) * 3;\t\t\t\tslide_height = Math.round(slide_height);\n\t\t\t} else if (min_height == 'aspect169') {\n\t\t\t\tslide_height = (slide_width \/ 16) * 9;\t\t\t\tslide_height = Math.round(slide_height);\n\t\t\t} else {\n\t\t\t\tslide_height = (slide_width \/ 100) * min_height;\t\t\t\tslide_height = Math.round(slide_height);\n\t\t\t}\n\t\t\tjQuery('#sample_slider .owl-item .sa_hover_container').css('min-height', slide_height+'px');\n\t\t}\n\t\tvar owl_goto = jQuery('#sample_slider');\n\t\tjQuery('.sample_slider_goto1').click(function(event){\n\t\t\towl_goto.trigger('to.owl.carousel', 0);\n\t\t});\n\t\tjQuery('.sample_slider_goto2').click(function(event){\n\t\t\towl_goto.trigger('to.owl.carousel', 1);\n\t\t});\n\t\tjQuery('.sample_slider_goto3').click(function(event){\n\t\t\towl_goto.trigger('to.owl.carousel', 2);\n\t\t});\n\t\tjQuery('.sample_slider_goto4').click(function(event){\n\t\t\towl_goto.trigger('to.owl.carousel', 3);\n\t\t});\n\t\tjQuery('.sample_slider_goto5').click(function(event){\n\t\t\towl_goto.trigger('to.owl.carousel', 4);\n\t\t});\n\t\tjQuery('.sample_slider_goto6').click(function(event){\n\t\t\towl_goto.trigger('to.owl.carousel', 5);\n\t\t});\n\t\tjQuery('.sample_slider_goto7').click(function(event){\n\t\t\towl_goto.trigger('to.owl.carousel', 6);\n\t\t});\n\t\tjQuery('.sample_slider_goto8').click(function(event){\n\t\t\towl_goto.trigger('to.owl.carousel', 7);\n\t\t});\n\t\tjQuery('.sample_slider_goto9').click(function(event){\n\t\t\towl_goto.trigger('to.owl.carousel', 8);\n\t\t});\n\t\tjQuery('.sample_slider_goto10').click(function(event){\n\t\t\towl_goto.trigger('to.owl.carousel', 9);\n\t\t});\n\t\tjQuery('.sample_slider_goto11').click(function(event){\n\t\t\towl_goto.trigger('to.owl.carousel', 10);\n\t\t});\n\t\tjQuery('.sample_slider_goto12').click(function(event){\n\t\t\towl_goto.trigger('to.owl.carousel', 11);\n\t\t});\n\t\tjQuery('.sample_slider_goto13').click(function(event){\n\t\t\towl_goto.trigger('to.owl.carousel', 12);\n\t\t});\n\t\tjQuery('.sample_slider_goto14').click(function(event){\n\t\t\towl_goto.trigger('to.owl.carousel', 13);\n\t\t});\n\t\tjQuery('.sample_slider_goto15').click(function(event){\n\t\t\towl_goto.trigger('to.owl.carousel', 14);\n\t\t});\n\t\tjQuery('.sample_slider_goto16').click(function(event){\n\t\t\towl_goto.trigger('to.owl.carousel', 15);\n\t\t});\n\t\tjQuery('.sample_slider_goto17').click(function(event){\n\t\t\towl_goto.trigger('to.owl.carousel', 16);\n\t\t});\n\t\tjQuery('.sample_slider_goto18').click(function(event){\n\t\t\towl_goto.trigger('to.owl.carousel', 17);\n\t\t});\n\t\tjQuery('.sample_slider_goto19').click(function(event){\n\t\t\towl_goto.trigger('to.owl.carousel', 18);\n\t\t});\n\t\tjQuery('.sample_slider_goto20').click(function(event){\n\t\t\towl_goto.trigger('to.owl.carousel', 19);\n\t\t});\n\t\tjQuery('.sample_slider_goto21').click(function(event){\n\t\t\towl_goto.trigger('to.owl.carousel', 20);\n\t\t});\n\t\tjQuery('.sample_slider_goto22').click(function(event){\n\t\t\towl_goto.trigger('to.owl.carousel', 21);\n\t\t});\n\t\tjQuery('.sample_slider_goto23').click(function(event){\n\t\t\towl_goto.trigger('to.owl.carousel', 22);\n\t\t});\n\t\tjQuery('.sample_slider_goto24').click(function(event){\n\t\t\towl_goto.trigger('to.owl.carousel', 23);\n\t\t});\n\t\tjQuery('.sample_slider_goto25').click(function(event){\n\t\t\towl_goto.trigger('to.owl.carousel', 24);\n\t\t});\n\t\tjQuery('.sample_slider_goto26').click(function(event){\n\t\t\towl_goto.trigger('to.owl.carousel', 25);\n\t\t});\n\t\tjQuery('.sample_slider_goto27').click(function(event){\n\t\t\towl_goto.trigger('to.owl.carousel', 26);\n\t\t});\n\t\tjQuery('.sample_slider_goto28').click(function(event){\n\t\t\towl_goto.trigger('to.owl.carousel', 27);\n\t\t});\n\t\tvar resize_67 = jQuery('.owl-carousel');\n\t\tresize_67.on('initialized.owl.carousel', function(e) {\n\t\t\tif (typeof(Event) === 'function') {\n\t\t\t\twindow.dispatchEvent(new Event('resize'));\n\t\t\t} else {\n\t\t\t\tvar evt = window.document.createEvent('UIEvents');\n\t\t\t\tevt.initUIEvent('resize', true, false, window, 0);\n\t\t\t\twindow.dispatchEvent(evt);\n\t\t\t}\n\t\t});\n\t});\n<\/script>\n\n","protected":false},"excerpt":{"rendered":"<p>CONSULTAN\u021a\u0102 Specialistii firmei &nbsp;va pun la dispozitie serviciul de consultanta al &nbsp;proiectului de instalatii, astfel ca dvs sa nu aveti grija procurarii echipamentelor, montajului si bunei functionarii a acestora. NOI ne ocupam de TOT ! INSTALARE Instaltii termice Furnizam&nbsp; cele mai noi si mai performante echipamente de incalzire, avand grija intotdeauna ca instalatia sa fie&hellip;<\/p>\n","protected":false},"author":1,"featured_media":0,"parent":0,"menu_order":2,"comment_status":"closed","ping_status":"closed","template":"fullwidth.php","meta":{"footnotes":""},"_links":{"self":[{"href":"https:\/\/ktp-instal.ro\/index.php\/wp-json\/wp\/v2\/pages\/47"}],"collection":[{"href":"https:\/\/ktp-instal.ro\/index.php\/wp-json\/wp\/v2\/pages"}],"about":[{"href":"https:\/\/ktp-instal.ro\/index.php\/wp-json\/wp\/v2\/types\/page"}],"author":[{"embeddable":true,"href":"https:\/\/ktp-instal.ro\/index.php\/wp-json\/wp\/v2\/users\/1"}],"replies":[{"embeddable":true,"href":"https:\/\/ktp-instal.ro\/index.php\/wp-json\/wp\/v2\/comments?post=47"}],"version-history":[{"count":4,"href":"https:\/\/ktp-instal.ro\/index.php\/wp-json\/wp\/v2\/pages\/47\/revisions"}],"predecessor-version":[{"id":117,"href":"https:\/\/ktp-instal.ro\/index.php\/wp-json\/wp\/v2\/pages\/47\/revisions\/117"}],"wp:attachment":[{"href":"https:\/\/ktp-instal.ro\/index.php\/wp-json\/wp\/v2\/media?parent=47"}],"curies":[{"name":"wp","href":"https:\/\/api.w.org\/{rel}","templated":true}]}}